 3761
List the prime factors of 73200.
2, 3, 5, 61
List the prime factors of 967.
967
What are the prime factors of 119?
7, 17
List the prime factors of 3.
3
List the prime factors of 4105.
5, 821
List the prime factors of 800.
2, 5
List the prime factors of 8652.
2, 3, 7, 103
What are the prime factors of 1411?
17, 83
List the prime factors of 899.
29, 31
List the prime factors of 56745.
3, 5, 13, 97
List the prime factors of 449.
449
List the prime factors of 1077.
3, 359
What are the prime factors of 3925?
5, 157
What are the prime factors of 101690?
2, 5, 10169
List the prime factors of 11165.
5, 7, 11, 29
What are the prime factors of 977?
977
What are the prime factors of 673?
673
What are the prime factors of 666?
2, 3, 37
What are the prime factors of 3718?
2, 11, 13
What are the prime factors of 3896?
2, 487
List the prime factors of 47368.
2, 31, 191
List the prime factors of 109244.
2, 31, 881
What are the prime factors of 1171?
1171
List the prime factors of 9413.
9413
List the prime factors of 841.
29
List the prime factors of 5011.
5011
List the prime factors of 29509.
23, 1283
List the prime factors of 15080.
2, 5, 13, 29
List the prime factors of 307.
307
List the prime factors of 441.
3, 7
List the prime factors of 1174.
2, 587
List the prime factors of 6719.
6719
List the prime factors of 2027.
2027
List the prime factors of 45153.
3, 29, 173
List the prime factors of 385.
5, 7, 11
List the prime factors of 123721.
13, 31, 307
List the prime factors of 61088.
2, 23, 83
What are the prime factors of 286?
2, 11, 13
What are the prime factors of 3445?
5, 13, 53
List the prime factors of 75219.
3, 25073
List the prime factors of 6110.
2, 5, 13, 47
List the prime factors of 15909.
3, 5303
List the prime factors of 1364.
2, 11, 31
What are the prime factors of 1179?
3, 131
What are the prime factors of 767?
13, 59
List the prime factors of 6121.
6121
What are the prime factors of 25203?
3, 31, 271
What are the prime factors of 86878?
2, 11, 359
What are the prime factors of 35558?
2, 23, 773
What are the prime factors of 381?
3, 127
List the prime factors of 30241.
30241
List the prime factors of 121035.
3, 5, 8069
What are the prime factors of 1120?
2, 5, 7
List the prime factors of 8997.
3, 2999
What are the prime factors of 1527?
3, 509
What are the prime factors of 711?
3, 79
What are the prime factors of 36964?
2, 9241
What are the prime factors of 15067?
13, 19, 61
List the prime factors of 1142.
2, 571
What are the prime factors of 6938?
2, 3469
What are the prime factors of 901?
17, 53
List the prime factors of 16963.
16963
List the prime factors of 20298.
2, 3, 17, 199
What are the prime factors of 15375?
3, 5, 41
List the prime factors of 43.
43
What are the prime factors of 8114?
2, 4057
What are the prime factors of 609?
3, 7, 29
List the prime factors of 7010.
2, 5, 701
List the prime factors of 399.
3, 7, 19
What are the prime factors of 17387?
17387
List the prime factors of 2995.
5, 599
What are the prime factors of 10427?
10427
What are the prime factors of 3766?
2, 7, 269
What are the prime factors of 6395?
5, 1279
List the prime factors of 21514.
2, 31, 347
List the prime factors of 43908.
2, 3, 3659
List the prime factors of 8531.
19, 449
List the prime factors of 9593.
53, 181
List the prime factors of 25406.
2, 12703
List the prime factors of 521.
521
What are the prime factors of 25780?
2, 5, 1289
What are the prime factors of 19?
19
What are the prime factors of 3469?
3469
List the prime factors of 5.
5
List the prime factors of 67425.
3, 5, 29, 31
What are the prime factors of 487?
487
List the prime factors of 1880.
2, 5, 47
What are the prime factors of 760?
2, 5, 19
What are the prime factors of 48202?
2, 7, 11, 313
List the prime factors of 28020.
2, 3, 5, 467
List the prime factors of 674.
2, 337
What are the prime factors of 2979?
3, 331
List the prime factors of 4284.
2, 3, 7, 17
What are the prime factors of 55082?
2, 27541
List the prime factors of 660.
2, 3, 5, 11
List the prime factors of 11252.
2, 29, 97
List the prime factors of 677.
677
What are the prime factors of 11300?
2, 5, 113
List the prime factors of 1101.
3, 367
List the prime factors of 17477.
17477
List the prime factors of 28840.
2, 5, 7, 103
What are the prime factors of 18052?
2, 4513
List the prime factors of 783.
3, 29
What are the prime factors of 3721?
61
What are the prime factors of 1096?
2, 137
What are the prime factors of 27434?
2, 11, 29, 43
What are the prime factors of 276?
2, 3, 23
List the prime factors of 2503.
2503
List the prime factors of 28521.
3, 3169
What are the prime factors of 119327?
13, 67, 137
List the prime factors of 28575.
3, 5, 127
What are the prime factors of 3346?
2, 7, 239
List the prime factors of 2513.
7, 359
What are the prime factors of 21094?
2, 53, 199
What are the prime factors of 187222?
2, 7, 43, 311
List the prime factors of 1627.
1627
List the prime factors of 1906.
2, 953
List the prime factors of 4466.
2, 7, 11, 29
What are the prime factors of 289?
17
List the prime factors of 3154.
2, 19, 83
List the prime factors of 26450.
2, 5, 23
List the prime factors of 4086.
2, 3, 227
List the prime factors of 9884.
2, 7, 353
What are the prime factors of 19953?
3, 739
What are the prime factors of 994?
2, 7, 71
List the prime factors of 14417.
13, 1109
List the prime factors of 34284.
2, 3, 2857
List the prime factors of 59241.
3, 7, 13, 31
List the prime factors of 231.
3, 7, 11
List the prime factors of 9110.
2, 5, 911
List the prime factors of 1980.
2, 3, 5, 11
What are the prime factors of 4441?
4441
What are the prime factors of 82?
2, 41
What are the prime factors of 4075?
5, 163
What are the prime factors of 3599?
59, 61
List the prime factors of 4363.
4363
What are the prime factors of 23133?
3, 11, 701
List the prime factors of 2802.
2, 3, 467
What are the prime factors of 9168?
2, 3, 191
What are the prime factors of 23116?
2, 5779
What are the prime factors of 22507?
71, 317
List the prime factors of 929.
929
List the prime factors of 24657.
3, 8219
List the prime factors of 81714.
2, 3, 13619
What are the prime factors of 113247?
3, 12583
List the prime factors of 26430.
2, 3, 5, 881
What are the prime factors of 78878?
2, 39439
List the prime factors of 10667.
10667
List the prime factors of 1776.
2, 3, 37
List the prime factors of 181.
181
What are the prime factors of 49241?
41, 1201
List the prime factors of 912.
2, 3, 19
What are the prime factors of 15751?
19, 829
List the prime factors of 2773.
47, 59
List the prime factors of 45542.
2, 7, 3253
List the prime factors of 74200.
2, 5, 7, 53
List the prime factors of 6169.
31, 199
List the prime factors of 2706.
2, 3, 11, 41
What are the prime factors of 4095?
3, 5, 7, 13
List the prime factors of 54426.
2, 3, 47, 193
List the prime factors of 800.
2, 5
List the prime factors of 53124.
2, 3, 19, 233
What are the prime factors of 1328?
2, 83
List the prime factors of 313.
313
What are the prime factors of 19393?
11, 41, 43
What are the prime factors of 51298?
2, 13, 1973
What are the prime factors of 352?
2, 11
What are the prime factors of 10882?
2, 5441
What are the prime factors of 2037?
3, 7, 97
List the prime factors of 7149.
3, 2383
What are the prime factors of 2202?
2, 3, 367
List the prime factors of 10305.
3, 5, 229
What are the prime factors of 7682?
2, 23, 167
What are the prime factors of 1728?
2, 3
List the prime factors of 2318.
2, 19, 61
List the prime factors of 94.
2, 47
List the prime factors of 4003.
4003
List the prime factors of 1245.
3, 5, 83
What are the prime factors of 1284?
2, 3, 107
List the prime factors of 14225.
5, 569
List the prime factors of 858.
2, 3, 11, 13
What are the prime factors of 437?
19, 23
What are the prime factors of 12149?
12149
What are the prime factors of 93?
3, 31
What are the prime factors of 81?
3
List the prime factors of 55239.
3, 18413
What are the prime factors of 1029?
3, 7
What are the prime factors of 5795?
5, 19, 61
What are the prime factors of 4568?
2, 571
What are the prime factors of 50779?
17, 29, 103
List the prime factors of 949.
13, 73
What are the prime factors of 659?
659
What are the prime factors of 1938?
2, 3, 17, 19
What are the prime factors of 